t is n(5)?
-31
Let r(h) = h**2 - 15*h - 60. Determine r(18).
-6
Let o(v) = v**3 + 7*v**2 - 8*v - 10. Give o(-8).
-10
Let h(k) = k**3 + 7*k**2 - 5*k - 7. Give h(-8).
-31
Let y(p) = 21*p + 2. Give y(0).
2
Let c(g) = 12*g + 40. What is c(-3)?
4
Let t(x) = -2*x + 15. Give t(9).
-3
Let z(x) = 66*x + 11. Calculate z(-2).
-121
Let b(i) = i**3 + 5*i**2 + 9. Give b(-3).
27
Let c(i) = 37*i - 2. Calculate c(-1).
-39
Let x(k) = k**2 + 4*k - 11. Give x(-5).
-6
Let z(p) = -p**3 - 54*p**2 - 6*p - 323. Calculate z(-54).
1
Let b(m) = -m**3 + 9*m**2 - 9*m + 2. Calculate b(8).
-6
Let j(n) = -n - 2. Calculate j(2).
-4
Let z(s) = 4*s**3 + s**2 - 5*s + 2. Determine z(-3).
-82
Let g(c) = -2*c**2 - 34*c + 2. Give g(-16).
34
Let c(k) = -k - 4. Give c(-6).
2
Let i(d) = 2*d + 18. What is i(-5)?
8
Let r(c) = 5*c**2 + 3*c - 12. Give r(-4).
56
Let m(r) = -6*r - 63. What is m(-13)?
15
Let b(v) = 2*v + 9. Determine b(-12).
-15
Let h(j) = -j**3 - 6*j**2 + 6*j + 14. Calculate h(-6).
-22
Let s(y) = 3*y**2 - 44*y + 16. What is s(16)?
80
Let h(b) = b**3 - 8*b**2 + 6*b - 9. What is h(7)?
-16
Let v(u) = 2*u**3 + u**2 - u - 1. Give v(-2).
-11
Let l(i) = i**2 + 8*i + 11. Determine l(-6).
-1
Let q(x) = -x - 6. What is q(-19)?
13
Let j(w) = 4*w - 3. Determine j(2).
5
Let x(o) = o**3 + 5*o**2 - 2*o - 13. Give x(-3).
11
Let i(x) = -14*x + 527. Determine i(38).
-5
Let j(c) = -2*c**3 + 111*c**2 - 60*c + 274. Determine j(55).
-1
Let y(j) = -j**3 + 9*j**2 - 13*j - 2. Determine y(7).
5
Let k(d) = -d**3 + 2*d**2 + 35. Determine k(0).
35
Let i(m) = -2*m**2 - 12*m + 12. Calculate i(-7).
-2
Let r(g) = 2*g**2 - 4*g - 6. Determine r(-4).
42
Let g(v) = -2*v - 29. Determine g(-14).
-1
Let g(h) = 3*h**2 - 210*h + 211. Give g(69).
4
Let t(s) = 3*s - 5. What is t(5)?
10
Let q(l) = -l**2 - 7*l + 57. Give q(-12).
-3
Let s(r) = -4*r + 161. Determine s(40).
1
Let g(n) = -n**2 + 6*n - 3. Calculate g(7).
-10
Let n(r) = r**2 - 8*r + 5. Give n(5).
-10
Let b(l) = -l**3 + 12*l**2 - l - 8. What is b(12)?
-20
Let z(t) = -7*t + 237. Determine z(34).
-1
Let k(r) = -r**2 + 33*r - 35. Determine k(32).
-3
Let k(n) = -n**3 - 4*n**2 + n + 7. What is k(-3)?
-5
Let d(g) = -g**3 - 5*g**2 - 3*g - 1. Give d(-5).
14
Let i(g) = 2*g + 3. Give i(-4).
-5
Let v(y) = -y + 46. Calculate v(40).
6
Let a(z) = -z**2 - 2*z - 4. Calculate a(-4).
-12
Let j(s) = 2*s - 40. Give j(20).
0
Let j(h) = 6*h - 31. Calculate j(7).
11
Let p(v) = 22*v - 122. Calculate p(6).
10
Let a(b) = 6*b**2 - 2. What is a(2)?
22
Let t(p) = -p**2 + 12*p - 19. Give t(11).
-8
Let i(q) = 21*q**2 + 1. Determine i(-1).
22
Let v(k) = -4*k + 6. Determine v(3).
-6
Let d(i) = -9*i + 2. Determine d(5).
-43
Let q(j) = j**2 + 11*j + 9. Calculate q(-11).
9
Let q(y) = y**3 - 8*y**2 - 9*y. Determine q(8).
-72
Let f(l) = -l**3 - 3*l**2 - 2*l - 3. Give f(-2).
-3
Let n(l) = 2*l**3 + 12*l**2 - 2*l + 11. Calculate n(-7).
-73
Let q(i) = -39*i + 29. Calculate q(1).
-10
Let x(h) = -2*h**2 + 16*h + 11. Determine x(9).
-7
Let b(o) = -7*o - 174. Calculate b(-25).
1
Let q(z) = -3*z**2 - 1. What is q(-1)?
-4
Let z(p) = p**3 - 9*p**2 + 10*p + 2. Determine z(7).
-26
Let z(k) = -3*k**2 - 9*k + 12. What is z(-6)?
-42
Let u(k) = -k + 4. Calculate u(-1).
5
Let p(w) = -3*w**2 - 18*w + 1. What is p(-7)?
-20
Let s(b) = -b**3 - 6*b**2 - 7*b - 4. Give s(-4).
-8
Let g(v) = 5*v + 121. Determine g(-23).
6
Let t(m) = -m**3 - 13*m**2 - 12*m + 1. Determine t(-12).
1
Let u(l) = 2*l - 58. Determine u(34).
10
Let l(r) = -4*r**2 + r + 1. Give l(-1).
-4
Let x(k) = 4*k + 53. Calculate x(-4).
37
Let q(x) = x**3 + x + 25. What is q(0)?
25
Let l(p) = -p**3 + 3*p**2 + 9*p. Give l(5).
-5
Let n(l) = 2*l**3 + 53*l**2 - 26*l + 24. Determine n(-27).
-3
Let f(r) = -6*r + 4. What is f(1)?
-2
Let d(m) = 15*m - 7. Give d(-1).
-22
Let n(f) = -f + 8. Determine n(7).
1
Let g(t) = -t**3 + 3*t**2 + 2*t. Calculate g(2).
8
Let b(h) = -122*h - 480. Give b(-4).
8
Let j(t) = -t**3 - 17*t**2 - 14*t + 13. Calculate j(-16).
-19
Let g(j) = j**2 - 43*j - 50. What is g(44)?
-6
Let l(v) = -14*v + 1. What is l(0)?
1
Let a(k) = 4*k**2 - 9*k + 26. Calculate a(3).
35
Let g(j) = 3*j**2 + 19*j + 22. Calculate g(-4).
-6
Let b(y) = -y**3 + 3*y**2 - 2*y. Determine b(2).
0
Let l(n) = -n**3 + 2*n**2 + 5*n + 11. Calculate l(5).
-39
Let p(q) = -q**2 - 2*q + 34. Give p(0).
34
Let q(z) = 11*z - 22. Give q(10).
88
Let f(w) = -2*w. What is f(3)?
-6
Let n(k) = -4*k**2 - 5*k. Calculate n(-4).
-44
Let o(t) = -t**3 - t**2 + t + 7. What is o(-2)?
9
Let n(b) = 9*b - 27. Calculate n(5).
18
Let d(s) = s**2 + 2*s - 20. What is d(-6)?
4
Let v(a) = -a**2 - 37*a + 251. What is v(6)?
-7
Let x(j) = j**3 - 8*j**2 + 4*j - 17. Calculate x(7).
-38
Let p(c) = -c**3 - 10*c**2 - 16*c - 12. Calculate p(-6).
-60
Let k(z) = 3*z**2 + 4*z + 5. Determine k(-3).
20
Let h(z) = -z**3 - 7*z**2 - 3*z - 9. What is h(-7)?
12
Let s(x) = -x**3 - 8*x**2 - 2*x + 7. Determine s(-7).
-28
Let x(h) = -h**3 - 6*h**2 - h - 5. Determine x(-6).
1
Let v(g) = g**2 + 6*g - 10. Give v(-8).
6
Let z(m) = -4*m + 18. Give z(7).
-10
Let k(v) = 3*v**2 + v - 4. What is k(2)?
10
Let o(x) = x**2 + 6*x + 12. Give o(9).
147
Let m(u) = u**3 - 12*u**2 - 17. Give m(12).
-17
Let i(k) = -15*k + 8. Calculate i(-3).
53
Let v(s) = -s**2 - 8*s + 4. What is v(-9)?
-5
Let m(j) = -j**3 - 11*j**2 + 45*j + 504. What is m(-11)?
9
Let l(s) = -3*s**2 - s + 1. Calculate l(-2).
-9
Let v(z) = -41*z - 1. Determine v(1).
-42
Let i(d) = 10*d + 10. What is i(-2)?
-10
Let z(v) = -v**2. Determine z(-1).
-1
Let j(q) = q**3 + 9*q**2 + 9*q + 4. Give j(-8).
-4
Let z(u) = u**2 - 7*u - 2. What is z(5)?
-12
Let x(v) = 5*v**2 + 4*v + 4. Calculate x(-1).
5
Let d(w) = 2*w + 41. Calculate d(0).
41
Let m(r) = -r - 4. Give m(-2).
-2
Let v(f) = -3*f**2 - 36*f + 54. What is v(-14)?
-30
Let i(b) = -b**3 - 7*b**2 + 6*b + 2. Calculate i(-7).
-40
Let p(t) = -t**2 + 17*t + 23. Determine p(17).
23
Let s(b) = -10*b + 17. What is s(1)?
7
Let l(i) = -4*i + 76. Determine l(13).
24
Let l(i) = -i**2 - 2*i + 16. What is l(-4)?
8
Let v(r) = -r**2 - 3*r - 3. Give v(-5).
-13
Let m(h) = -2*h + 23. Determine m(13).
-3
Let x(t) = -6*t + 24. Give x(4).
0
Let i(u) = 5*u**3 - u**2 - 5*u + 2. Determine i(-2).
-32
Let d(h) = -158*h**3 + 2*h**2 + 4*h + 2. Give d(-1).
158
Let g(z) = 9*z + 3. Give g(7).
66
Let m(u) = -25*u - 103. Give m(-4).
-3
Let f(t) = 17*t**2 - 257*t + 24. Determine f(15).
-6
Let u(w) = 2*w**3 - 6*w**2 - 8*w - 5. Give u(4).
-5
Let v(s) = -4*s**3 - s**2 + 3*s - 2. Give v(1).
-4
Let z(q) = q**3 + 24*q**2 - 145*q + 3. Determine z(-29).
3
Let b(s) = -8*s + 5. Determine b(0).
5
Let k(t) = t**3 + 8*t**2 + 3*t + 15. Calculate k(-8).
-9
Let y(x) = x**3 + 12*x**2 - 10*x - 3. Give y(-13).
-42
Let c(t) = -4*t**2 - 9*t + 7. What is c(-5)?
-48
Let g(h) = h**2 + 17*h + 4. Give g(-17).
4
Let k(g) = -90*g - 829. Give k(-9).
-19
Let h(b) = -2*b**2 - 9*b + 71. Give h(-9).
-10
Let j(d) = d**2 + 10*d + 6. Determine j(-9).
-3
Let u(b) = 4*b + 10. What is u(8)?
42
Let r(n) = -n**2 + 34*n - 118. What is r(30)?
2
Let j(i) = -i**3 - 4*i**2 + 4*i + 7. Calculate j(-5).
12
Let l(f) = 2*f**2 + 24*f - 1. Determine l(-12).
-1
Let f(g) = 2*g - 12. Give f(7).
2
Let r(w) = -w**3 + 8*w**2 + 8*w. What is r(9)?
-9
Let d(m) = 5*m + 6. Give d(-1).
1
Let n(c) = -c**3 - 11*c**2 + 9*c - 2. What is n(-12)?
34
Let g(q) = -q**2 - 5*q - 3. Calculate g(-2).
3
Let z(i) = 11*i + 69. Determine z(-6).
3
Let l(h) = h**2 - 6*h + 5. Determine l(6).
5
Let t(g) = -8*g**3 + 3*g**2 - 5*g + 3. What is t(1)?
-7
Let s(m) = -m**3 - 10*m**2 + 13*m + 20. Give s(-11).
-2
Let a(m) = m**3 - 4*m**2 + 4*m + 4. What is a(4)?
20
Let c(h) = -h**3 - h**2 + 2*h - 1. Give c(1).
-1
Let y(s) = -3*s - 10. What is y(-4)?
2
Let c(t) = -t**3 + 15*t**2 - 28*t + 4. Calculate c(13).
-22
Let v(d) = d**3 + 4*d**2 - 6*d - 5. Give v(4).
99
Let w(x) = x**2 - 11*x + 3. Give w(11).
3
Let m(b) = -b**3 - 6*b**2 - 2. What is m(-6)?
-2
Let r(u) = 3*u + 22. Determine r(-4).
10
Let l(t) = t**2 - t + 3. Determine l(3).
9
Let q(y) = y**3 + 16*y**2 + 25*y + 2. Determine q(-14).
44
Let x(o) = o**3 - 12*o**2 + 18*o + 6. What is x(10)?
-14
Let p(t) = -t**3 + 19*t**2 + 19*t - 1. Calculate p(20).
-21
Let k(o) = 3*o - 9. Determine k(4).
3
Let s(c) = c**2 - c - 1. Calculate s(-1).
1
Let f(u) = -13*u - 12. Determine f(-1).
1
Let f(u) = -u - 2. What is f(-2)?
0
Let o(n) 